
-72
Let d(m) = -4*m**3 - 37*m**2 + 3*m - 15. Let s(p) = -p**3 - 12*p**2 + p - 5. Let k(b) = 2*d(b) - 7*s(b). Let j be ((-20)/(-5))/(4/2)*5. Calculate k(j).
-5
Let i(h) = -652 + 25*h + 193 + 247 + 294. Determine i(-3).
7
Let p be (-9)/((-144)/52) + 2/(-8). Suppose 2*s = -8, -p*l + 3*s = 7*s - 14. Let x(k) = k**3 - 10*k**2 + 3*k + 13. Calculate x(l).
43
Let y(v) = -3*v - v**2 + 11177 - 22290 + 11150. Give y(-7).
9
Let z(v) = 3*v + 3. Let b be 330/99*(1/(-2) + 2). Let x(g) = g + 5 + 4*g - g. Let s(r) = b*x(r) - 7*z(r). Give s(4).
0
Let j(x) = -2 + 34*x + 46*x - 116*x + 31*x. Determine j(1).
-7
Let i(l) be the third derivative of l**2 + 5/6*l**3 + 1/24*l**4 + 0*l + 64. What is i(-7)?
-2
Let a = 2 + -4. Let x(l) = -l**3 + 4*l**2 - 5*l + 1. Let y be 3/(-24)*(-360)/(-45). Let t(h) = -h**3 - h**2 + h + 1. Let p(k) = a*t(k) + y*x(k). What is p(2)?
19
Let t = 50 + -53. Let q be t/6 - (1 - 9/6). Suppose 3*w + 35 - 17 = q. Let v(x) = x**3 + 6*x**2 - x + 1. Determine v(w).
7
Let s(v) = -34*v + 97. Let p be 3*((-16 + -2)/(-2) + -8). Give s(p).
-5
Let x(k) = -k**2 + 4*k + 3. Let w be x(4). Let c(y) = -87*y - 2. Let r(a) = 523*a + 10. Let n(p) = -6*c(p) - r(p). Determine n(w).
-1
Suppose -2*l - 114*w - 44 = -108*w, 2*l + 2*w = -48. Let s(y) = y**3 + 24*y**2 - 24*y + 12. Give s(l).
-13
Let k(m) = -26*m - 224. Let b be k(-9). Let g(c) = c - 2 - 10 - 3. Calculate g(b).
-5
Let i(o) = -o**3 - 13*o**2 + 27*o - 40. Let s = 5671 + -5686. What is i(s)?
5
Suppose -n + 9 = 2*n. Let p(u) = 6*u + 155. Let z be p(-26). Let s be n + z/(1/(-2)). Let a(t) = t**3 - 6*t**2 + 3*t - 1. What is a(s)?
-11
Let b(k) = 16*k**3 + 8*k**2 - k - 256. Let o(v) = -48*v**3 - 22*v**2 + 3*v + 683. Let z(h) = -8*b(h) - 3*o(h). What is z(-1)?
-14
Let y(g) = g - 5. Let p = 142 + -142. Let q be 261/5 - p - (-3)/(-15). Let f be q/20 - 4/(-10). Give y(f).
-2
Let t be -1 + 0 + -1 - (9 - 12). Let k(a) be the first derivative of 1/2*a**2 - 1/3*a**3 - 1/2*a**4 - 48 - a. Determine k(t).
-3
Let k(a) = -a**2 - 12*a + 2. Let c(x) = -x - 2. Let m(z) = 6*c(z) + 2*k(z). What is m(-14)?
20
Let f = -68 + 86. Suppose -f*t + 12*t = -48. Let c(o) = -o + 1. Let l(g) = 3*g - 3. Let a(q) = -5*c(q) - 2*l(q). What is a(t)?
-7
Let q = 21 + -70. Let u = q - -53. Let g(v) = -19*v + u*v + 7*v + 10 + 6*v. Give g(7).
-4
Let s(q) = 12*q**2 - 5*q + 7. Let o(y) = -11*y**2 + 4*y - 6. Let m(p) = 7*o(p) + 6*s(p). Suppose 171*t - 168*t - 12 = 0. Let v be 5/5 - (-1 + 0 + t). Give m(v).
-16
Let l(u) = -u + 7. Suppose -3*v + p + 12 = 2, 4*v + 4*p - 24 = 0. Suppose v*r - 18 = -5*r. Let j be 3 + -1 - -2*(r + -3). Calculate l(j).
7
Let c(w) be the second derivative of -3*w**3 - 30*w**2 + 2*w + 1386. Give c(-3).
-6
Let b(d) be the first derivative of d**4/4 + 3*d**3 + 8*d**2 + 11*d - 1707. Calculate b(-7).
-3
Let r be 17*(0 + -1)*(2 - -1). Let x = r - -66. Suppose -h = u - 5, -u - h = -4*u + x. Let q(l) = -l**3 + 6*l**2 - l - 6. What is q(u)?
14
Let p(i) = -i**3 + 3*i**2 + 4. Let v = -3803 - -3807. Determine p(v).
-12
Let u(i) = -i**3 - 2*i**2 + i + 6. Let s(z) = -z**3 - 7*z**2 - 81*z - 359. Let t be s(-5). What is u(t)?
34
Let s(z) be the first derivative of -16 + 5*z - 1/3*z**3 - 7/2*z**2. Calculate s(-7).
5
Let s be 1/(-2) + (-95)/(-10). Let p(v) be the first derivative of -26 - 13*v + 1/2*v**2. Calculate p(s).
-4
Suppose -2*i = 6*u - 4*u, -5*u + 5*i + 40 = 0. Suppose u*z + 2 - 10 = 0. Let a(g) = -7*g**2 + 2*g - 2. Give a(z).
-26
Let g(w) = -2*w**3 + 37*w**2 - 13*w - 64. Suppose 558 = 4250*p - 4219*p. Calculate g(p).
26
Let k = -29 + 29. Let b be -40*(k - (-2)/(-5)). Suppose 4*o = b, 4*q + 3 = -2*o - 1. Let y(x) = -2*x - 2. Give y(q).
4
Let a(n) be the third derivative of -n**5/60 - 5*n**4/12 - 5*n**3/6 + 1717*n**2. What is a(-11)?
-16
Let v(b) = b**2 - 2*b + 2. Let z(h) = -h**2 - 13*h - 20. Let p be z(-7). Let t be -6 + p + -5 + 0 + 0. Suppose 3*n - a - t = 0, 1 = n + 2*n + a. What is v(n)?
2
Let l(d) be the first derivative of -d**4/4 - 7*d**3/3 + 3*d**2 + 4*d - 1095. Calculate l(-8).
20
Let u(f) = f**3 - 4*f**2 - 13*f - 2. Suppose -5*g + 30 = 10, 0 = -3*w - 5*g + 38. Let j be u(w). Let q(k) = 4 - k - k + 3*k. Calculate q(j).
-4
Let a(q) = -3*q + 413 + 509 - 931. Determine a(-5).
6
Let z be ((-6)/(-9))/((-4)/(-6)). Let h(g) be the second derivative of 2*g**5/5 + g**4/12 - g**3/6 + g**2/2 - 11*g. Determine h(z).
9
Let q(r) be the third derivative of r**5/10 + r**4/24 + r**3 - 2*r**2 - 674. Determine q(3).
63
Let x(u) = 7*u - 1. Suppose -43*n = -35*n + 128. Let s be 20/12 + n/24. Determine x(s).
6
Let w(m) = -5*m**2 + 0*m**2 - 7*m + 20*m + 13. Let b(i) = 6*i**2 - 14*i - 13. Let p(z) = 4*b(z) + 5*w(z). Determine p(9).
13
Suppose 63 = 3*a - 4*o + 57, -4*a = -2*o - 8. Let f(b) = -b**3 - b**2 + 7*b - 2. Determine f(a).
0
Let a(p) = -2*p**2 + 15*p - 5. Let b be ((-7)/2)/((-10)/20). Let r be a(b). Let h(w) = -10*w**2 + 10*w + 2*w**3 + w**r - 2 - w**2 - w**3. Calculate h(9).
7
Let g(h) be the second derivative of h**5/20 - 5*h**4/4 - 13*h**3/6 - 31*h**2 + 1152*h. What is g(16)?
-14
Let o(n) = -25*n + 15*n**2 + 3 - 8 - 57*n**2 + 10*n**2 + 24*n**2. Determine o(-3).
-2
Let a(g) = 0*g**2 - 16*g + 2*g**2 - 25*g + 37*g - 6. Let x be a(5). Let d be x/84 - 10/(-14). Let c(j) = 13*j - 1. Give c(d).
12
Let n(g) = -268*g - 3994. Let k be n(-15). Let l(v) = v**2 - 25*v - 33. Calculate l(k).
-7
Let g(r) = 23 + 2579*r**2 + 18 + 18*r + 0*r**3 - r**3 - 2559*r**2 - 1. What is g(21)?
-23
Let o(b) = -5*b**2 - 155*b + 2. Let c(w) = -9*w**2 - 272*w + 4. Let g(l) = -4*c(l) + 7*o(l). Let y be -2 + (0 + 0 - 4). Determine g(y).
16
Suppose 0 = 3*g + 2*i + 17, -3*g + 13 = -i + 18. Let p(c) = c**3 - 3*c**2 - 4*c - 5. What is p(g)?
-47
Let b(q) = -q**2 + 3*q + 9. Let a(x) = -x**3 + 5*x**2 - 3*x + 10. Let h be a(5). Let f be 14/h*(-55)/22. What is b(f)?
-19
Suppose 0 = -13*a + 8 + 18. Let c(g) = 14*g**a - g**3 - 4*g**3 - 9*g**2 - 5*g + 6*g**3 - 4. Calculate c(-6).
-10
Let p(i) = -i**3 - 4*i**2 + 3*i + 3. Let t = 1144 - 1148. Calculate p(t).
-9
Let h(d) be the first derivative of d**3/3 - 3*d**2 + 2*d + 1. Let v be (-66 + 100646/1519)*31. Give h(v).
18
Let b be (-1038)/(-692)*-3*32/(-18). Let p(t) = -t**3 - 8*t**2 + 0*t**2 + t**3 + t**3 - 1 + 2*t. Determine p(b).
15
Let q(y) = 168*y - 87*y - 80*y + 3. Let f(t) = 2*t + 72. Let j be f(-32). Give q(j).
11
Let b(h) = 3 - 2*h + 18*h**2 - 2*h - 4*h**2 - 2*h**2 - 3*h**2. Calculate b(3).
72
Suppose 0 = 3*m + m - 36. Suppose -4*s + 8 = -5*p, -p = -s + 2*p + m. Let c(z) = 68*z - 27. Let j(v) = 16*v - 6. Let l(k) = -3*c(k) + 13*j(k). What is l(s)?
-9
Let i(h) be the second derivative of h**4/12 - 7*h**3/6 - 31*h**2 + 5697*h. Give i(-5).
-2
Let f(u) = -u**3 + 3*u**2 - 2*u. Let x(h) = 6*h**3 - 16*h**2 + 11*h + 1. Let t(r) = -11*f(r) - 2*x(r). Let d(o) = 994*o - 3974. Let y be d(4). Give t(y).
-14
Let c be (-1443)/78*(0 - 2). Let a(h) = -19 - 6*h**2 - 18 + c. Determine a(-1).
-6
Let u = -87 - -101. Let x(g) = g + u + 3 - 17 + 19 + 2. Determine x(0).
21
Suppose 152*t = -127*t - 5301. Let q(w) = -w**2 - 18*w + 15. Determine q(t).
-4
Suppose -7*v + 10*v - 12 = 4*v. Let f(x) = -x**2 - 6*x + 62. Calculate f(v).
-10
Let f(l) = -11*l + 337. Let p be f(48). Let z = 189 + p. Let v(x) = 3*x + 13*x**2 + 1 + 0 - 12*x**2 + x**3. Give v(z).
-9
Let u(z) = z**3 - 7*z**2 + 5*z + 4. Let s(f) be the second derivative of 5*f**3/3 - 72*f**2 + 107*f. Let k be s(15). Give u(k).
-2
Let s = -142 + 81. Let g = 66 + s. Let d(h) = -12*h**2 + g*h - 3*h - 3*h. What is d(1)?
-13
Let a(v) = 7 + 39063*v - v**2 - 8 + 14 - 39074*v. Give a(-13).
-13
Let d(g) = 17*g**3 + 11*g**2 + 9*g + 3. Let p(t) = 48*t**3 + 32*t**2 + 26*t + 7. Let f(v) = 17*d(v) - 6*p(v). Determine f(6).
27
Let s(l) be the third derivative of -l**6/120 - 13*l**5/60 + 13*l**4/24 - 5*l**3/2 + 14*l**2 + 8. Give s(-14).
-1
Let r(y) = -y**3 - 12 - 2*y - y + y + 0*y**3 - 4*y + 7*y**2. Give r(5).
8
Let w(i) = 89*i**2 - 28*i - 162*i**2 + 1 + 75*i**2. Calculate w(14).
1
Let d(h) = -9*h + 21*h**3 - 10*h**2 - 11*h**3 - 10*h**3 + 2*h - h**3 - 25. Give d(-10).
45
Let r be ((-5)/15)/((-9)/(-54)). Let u(g) be the first derivative of -g**2 - 2*g + 6. What is u(r)?
2
Let j be 1 - (-2 + 4 + -3). Let o be (2 - 5)/12*-12. Let y(v) = 3*v**3 - 5*v**3 + 5*v**2 - 1 - v + 0 + v**o. Calculate y(j).
9
Let c be 6*(-2)/16*16/(